-81
In base 9, what is 1 - -654?
655
In base 10, what is 1 + -50?
-49
In base 7, what is -56 - 15?
-104
In base 6, what is 3550 - -32?
4022
In base 15, what is c2 - -1?
c3
In base 14, what is 36 - -4?
3a
In base 11, what is -576 - 1?
-577
In base 8, what is 3 - -1610?
1613
In base 5, what is 41012 - -1?
41013
In base 9, what is -1107 - 1?
-1108
In base 9, what is -808 - 1?
-810
In base 5, what is 0 + 113?
113
In base 14, what is 1 - -2?
3
In base 4, what is -10 + -11332?
-12002
In base 16, what is 186 + -3?
183
In base 7, what is 11 + 201?
212
In base 6, what is 135 + 5?
144
In base 6, what is -31 + 2351?
2320
In base 8, what is 11 - -24?
35
In base 15, what is 7 - 34?
-2c
In base 4, what is -123220 - 10?
-123230
In base 6, what is 14 + 10204?
10222
In base 11, what is 85 - 2?
83
In base 12, what is -2 - -2a?
28
In base 14, what is 4 + 999?
99d
In base 15, what is 8e - -7?
96
In base 13, what is 40 - 188?
-148
In base 14, what is -1 + 33?
32
In base 7, what is -14 + -2?
-16
In base 9, what is 1072 + -1?
1071
In base 2, what is 1001 + 10010000?
10011001
In base 7, what is -3 - 31?
-34
In base 3, what is 11202020 + 0?
11202020
In base 5, what is -13120 + -4?
-13124
In base 9, what is 286 + 2?
288
In base 5, what is -4 - 433?
-442
In base 4, what is 0 - 110?
-110
In base 15, what is 4 + 104?
108
In base 9, what is -44 + -210?
-254
In base 11, what is -7 - 267?
-273
In base 10, what is -167 + 3?
-164
In base 8, what is -43210 + -1?
-43211
In base 4, what is -10 - -30131?
30121
In base 16, what is -9b + 0?
-9b
In base 8, what is 4 - 62?
-56
In base 9, what is 4770 + -3?
4766
In base 11, what is 57 - 0?
57
In base 14, what is -20 + 27?
7
In base 10, what is -3 - -672?
669
In base 11, what is 110 - -3?
113
In base 9, what is 1 - 370?
-368
In base 4, what is -23 + -120?
-203
In base 5, what is -10 - 4114?
-4124
In base 11, what is -63a4 + -1?
-63a5
In base 13, what is -5 - -44b?
446
In base 8, what is -11202 - -2?
-11200
In base 13, what is 85 + 0?
85
In base 8, what is 35 + 100?
135
In base 13, what is -450 + 1?
-44c
In base 13, what is 26 - -1b?
44
In base 7, what is 3 + -132?
-126
In base 5, what is 444044 + -1?
444043
In base 8, what is -16 - 240?
-256
In base 16, what is -264 + -1?
-265
In base 16, what is -32 - -5?
-2d
In base 8, what is 247 - 42?
205
In base 11, what is -885 + -3?
-888
In base 5, what is -42402 - 10?
-42412
In base 12, what is 1740 + -3?
1739
In base 13, what is -5 - -3a?
35
In base 3, what is 10102102 - -10?
10102112
In base 2, what is -101 - 1101?
-10010
In base 13, what is 700c - -2?
7011
In base 7, what is 3 + -233?
-230
In base 16, what is -12f - 5?
-134
In base 12, what is 1b3 + -1?
1b2
In base 14, what is 67 - -7?
70
In base 10, what is -5 + -635?
-640
In base 9, what is 13 - 127?
-114
In base 3, what is 111 - -2101?
2212
In base 13, what is 5 - -63?
68
In base 12, what is -123 - 3?
-126
In base 10, what is 149 - 41?
108
In base 4, what is -1301 + 10?
-1231
In base 4, what is -1 - 12001?
-12002
In base 12, what is -a13 + -2?
-a15
In base 10, what is 39 + -174?
-135
In base 8, what is 10054 + -4?
10050
In base 10, what is 1 - -1098?
1099
In base 6, what is 132 - -542?
1114
In base 7, what is 325 - -2?
330
In base 13, what is 1c + 3?
22
In base 16, what is fc - 3?
f9
In base 3, what is -2 - 2211022?
-2211101
In base 14, what is -4 - -14c7?
14c3
In base 5, what is -3140 + -12?
-3202
In base 8, what is -11364 - 4?
-11370
In base 11, what is 66 + -9?
58
In base 14, what is 0 - -bc?
bc
In base 16, what is -89 - -3?
-86
In base 14, what is 14d + -5?
148
In base 10, what is 495 - -2?
497
In base 11, what is -9 - -69?
60
In base 7, what is 1005 - 1?
1004
In base 12, what is 1009 - -3?
1010
In base 14, what is 1231 + -3?
122c
In base 2, what is -100111001 - -101?
-100110100
In base 9, what is 852 - 0?
852
In base 7, what is 4 + 1103?
1110
In base 2, what is -11111010110 + 11?
-11111010011
In base 11, what is 25 - -1a9?
223
In base 8, what is 13 - 147?
-134
In base 4, what is 3 + -1202120?
-1202111
In base 14, what is 22 + -1?
21
In base 5, what is -2 + -312?
-314
In base 10, what is -8 - 134?
-142
In base 16, what is c - 1d?
-11
In base 3, what is 1010202 - -10?
1010212
In base 8, what is 3 - -12142?
12145
In base 3, what is -10 - -210?
200
In base 10, what is 16 + 401?
417
In base 2, what is 110110 + -11?
110011
In base 9, what is -5 - 34?
-40
In base 13, what is -15 + 5?
-10
In base 2, what is -10011 - -110100011?
110010000
In base 16, what is 150 - 5?
14b
In base 8, what is 21713 + -2?
21711
In base 10, what is -2 - -88?
86
In base 3, what is 12 + -1212?
-1200
In base 16, what is -4 - -8?
4
In base 7, what is 164 - -21?
215
In base 10, what is -5 - -3801?
3796
In base 5, what is 100 + -24?
21
In base 16, what is 239 - 4?
235
In base 14, what is -1 + -11?
-12
In base 16, what is -3c - -9?
-33
In base 9, what is 35 - -1?
36
In base 11, what is -221 + -2?
-223
In base 7, what is 4 + 26434?
26441
In base 9, what is -1042 - -5?
-1036
In base 16, what is -116 + -5?
-11b
In base 16, what is -3ac - -5?
-3a7
In base 6, what is 10 + 12351?
12401
In base 11, what is -1269 - -2?
-1267
In base 13, what is 722c + 1?
7230
In base 6, what is -440 - -3?
-433
In base 12, what is -19b9 + -5?
-1a02
In base 4, what is 1202332 + 10?
1203002
In base 5, what is -2102 - 2?
-2104
In base 14, what is 1b3 + -7?
1aa
In base 3, what is 21111211 + 12?
21112000
In base 11, what is 1 - 423?
-422
In base 11, what is -85 + 3?
-82
In base 7, what is -30466 + 1?
-30465
In base 6, what is 5 - -4420?
4425
In base 12, what is -8 - -6?
-2
In base 2, what is -100 + 101110?
101010
In base 8, what is -1 + 155?
154
In base 5, what is -40434 - 10?
-40444
In base 2, what is 1001000 - 1?
1000111
In base 15, what is -15 + -d?
-23
In base 15, what is 18 - 93?
-7a
In base 16, what is 32 + 1a?
4c
In base 10, what is 119 - -2?
121
In base 2, what is 10 + 11110000?
11110010
In base 16, what is -d - -e?
1
In base 2, what is 1011010111110 + -100?
1011010111010
In base 12, what is 1937 + 5?
1940
In base 8, what is -344 - -31?
-313
In base 12, what is -13 + -14?
-27
In base 4, what is -220 + 1100?
220
In base 13, what is 2 + 0?
2
In base 15, what is 5c - 8?
54
In base 13, what is -3 + -140?
-143
In base 15, what is -2 + 14b?
149
In base 11, what is -2 + 25?
23
In base 16, what is -2 - -32?
30
In base 4, what is -2222 - -11?
-2211
In base 15, what is 16 - -78?
8e
In base 2, what is 1 - -100100110?
100100111
In base 2, what is -101110001 - -110?
-101101011
In base 7, what is -5 + -6201?
-6206
In base 9, what is -27 + -3?
-31
In base 14, what is -5 - 1c9?
-1d0
In base 11, what is -16 - 706?
-721
In base 3, what is 11 + 2001?
2012
In base 16, what is -72 + -aa?
-11c
In base 8, what is 41302 + -5?
41275
In base 5, what is -20004 + -10?
-20014
In base 13, what is -3 + -54?
-57
In base 5, what is -240 + 12?
-223
In base 10, what is -90 - 180?
-270
In base 9, what is 513 - 11?
502
In base 6, what is -24 + 3?
-21
In base 11, what is 255 + 0?
255
In base 15, what is -8 - -60?
57
In base 14, what is dbb + -1?
dba
In base 7, what is -1 + 35?
34
In base 8, what is 0 - 73?
-73
In base 3, what is -121 + 101221?
101100
In base 6, what is 4 - 1023?
-1015
In base 13, what is -2 - b?
-10
In base 7, what is 4 - 10310?
-10303
In base 13, what is b6 - 1?
b5
In base 12, what is -15b - 13?
-172
In base 13, what is 429 + -4?
425
In base 5, what is -2410 - -3?
-2402
In base 6, what is 5 - 42?
-33
In base 4, what is 212 - 13322?
-13110
In base 4, what is -3 - -102?
33
In base 8, what is 106 + 3?
111
In base 6, what is 3 + 41351?
41354
In base 15, what is 611 + 4?
615
In base 12, what is -372 + 4?
-36a
In base 8, what is 0 + 307?
307
In base 11, what is -215 + -6?
-220
In base 2, what is -10001110010 + 101?
-10001101101
In base 12, what is 3 - -33?
36
In base 13, what is 68 + 3a?
a5
In base 5, what is 11031 + -1?
11030
In base 12, what is -3 - 2?
-5
In base 4, what is -20030 + -11?
-20101
In base 11, what is 4 + 859?
862
In base 8, what is 406 - 0?
406
In base 13, what is bc4 - 9?
bb8
In base 4, what is 1 + 10220?
10221
In base 13, what is 5 - 228?
-223
In base 15, what is 0 + -c8?
-c8
In base 9, what is -5 + -244?
-250
In base 14, what is 3 - -a85?
a88
In base 5, what is -100 - 14?
-114
In base 16, what is